ive q(-2).
6
Let n(k) = 14*k**2 - 12*k - k**2 + 13*k. Let r(v) = -v**2 + 12*v - 1. Let d = 13 + -1. Let z be r(d). Determine n(z).
12
Let s(z) = 3*z**2 - 2*z + 5. Suppose 4*r - 21*r - 64*r + 243 = 0. Calculate s(r).
26
Let s be 15*(6/3 + 26/(-10)). Let b(d) = -5*d**3 - 8*d**2 - 6*d + 6. Let m(k) = -11*k**3 - 17*k**2 - 14*k + 12. Let n(q) = s*b(q) + 4*m(q). Determine n(-4).
2
Let k(i) = -34*i + 76*i - 13*i - 38 - 34*i. Determine k(-7).
-3
Let h be ((1 + -1)/1)/(-2). Let i(q) = 11*q**2 + h*q**3 - 3*q - 4 - 9*q**2 + 0*q + 0 + q**3. Suppose 2*s = -2*s - 12. What is i(s)?
-4
Let w be 0 + 6 + 12/(-6). Let h(j) = -72*j + 281. Calculate h(w).
-7
Suppose 5*p - 48*p - 8*p = 21*p. Let m(w) = -2*w**2 - w - 4. What is m(p)?
-4
Suppose -g = 4*k - 2, -3*g + 6 = -2*k - 0. Suppose -l = -k*l - 7. Let w = 3 - l. Let q(t) = -t**2 - 3*t + 1. Give q(w).
-3
Let n be (-2282)/(-770) - (-14)/385. Let o(y) be the first derivative of -2/3*y**3 + n*y + 1/4*y**4 - 3/2*y**2 + 28. Determine o(2).
-3
Let d = -98 + 101. Suppose -7*v - 28 = -d*v. Let o(m) = 2*m - 4 - 4*m + 0*m + m. Determine o(v).
3
Let a be (-1 - 2) + 29/(-2)*-2. Suppose -9*y + a = 4*y. Let o(l) = -152*l**3 + 11*l - 3*l + 151*l**3 + 0*l + 5*l**y. Calculate o(6).
12
Suppose o - c = 11, 14 = 2*o + c - 20. Suppose 4*m - o = -5*p, -2*m + 7*m + 5*p = 15. Let y(l) = l**3 + l - 5. Determine y(m).
-5
Let k(r) = -r**3 - r**2 + 9*r + 13. Let t = -13279 - -13279. What is k(t)?
13
Let z(d) = -2*d**3 - 15*d**2 - 7*d - 10. Let b be z(-7). Let i be (13/13)/((-2)/b). Let p(o) = -o**3 + 5*o**2 + 4*o + 7. Calculate p(i).
27
Let u(a) = -6*a - 21. Suppose -2*o + 4*o = 10. Let m(q) = 3*q + 11. Let p(z) = o*u(z) + 9*m(z). Let v be p(0). Let j(n) = n + 8. Calculate j(v).
2
Let d(k) = k**3 - 3*k**2 + 1. Let x(m) = m + 34. Let z(n) = -n - 1. Let h(c) = -x(c) - 5*z(c). Let p be h(9). Suppose 16 = p*q + q. Determine d(q).
-3
Suppose -3*x = -2*j - 3, 5*x + 0*x = 2*j + 1. Let q(u) = 2*u**3 + 2*u**2. Let d(m) = 7*m**3 - 5*m**2 - 12*m. Let y(l) = j*q(l) + d(l). Determine y(12).
0
Let d(b) = -3*b - 3*b + 30 + 4*b - 4*b. Let a be d(5). Let q be (4 + -2 + -1)*a. Let j(t) = -t**2 - t - 2. What is j(q)?
-2
Let s(n) = 4*n**2 + 1. Let x be s(3). Suppose -d + o + 9 = 0, 2*o = 5*d - 8 - x. Let y(f) = -f**3 + 8*f**2 + 9*f - 8. Give y(d).
-8
Let q(j) = j**3 - 5*j**2 + 5. Let m = 41 + -20. Suppose -3*s + m = -9. Suppose -65*l + 67*l = s. What is q(l)?
5
Let y(m) be the first derivative of -m**3/3 + 11*m**2/2 - 6*m - 74. Suppose 4*g - 51 = 21. Suppose 3*t - 48 = -g. Give y(t).
4
Suppose -5*l = 7*j - 6*j + 10, -4*l = -5*j + 37. Let d(y) = y**3 - 2*y**2 - 6*y - 38. Give d(j).
7
Let t(q) = 2*q**3 + q**2 + 2*q - 1. Let h be (31 - 0) + -10 + 5. Suppose m - 50 = h*m. Calculate t(m).
-17
Let g(z) = 6*z - 4*z + 661 + 4*z - 675. Determine g(-6).
-50
Let q(a) be the third derivative of a**5/20 + a**4/24 - 7*a**3/6 + 13*a**2 + a. Give q(-3).
17
Let w(x) = 92*x + 653. Let j be w(-7). Let h(g) = -g**2 + 16*g - 37. Give h(j).
26
Suppose 0 = 2*q - n - 26, 4*q - q + n - 39 = 0. Let w = -9 + q. Suppose -6 = -w*i + 10. Let t(z) = -z - 1. Give t(i).
-5
Let d = 91 - 88. Let q(b) = 16 + 0 + 0*b - 6 - 3 - b. What is q(d)?
4
Let m(v) = -3*v + 17. Let t = -22537 - -22542. What is m(t)?
2
Let o(v) = -3*v**2 - 51*v**3 - 6*v + 62*v**3 + 12 - 4*v**2 - 12*v**3. Give o(-6).
12
Let m(w) = -4*w + 63. Suppose 414 + 3506 = 39*b + 157*b. Give m(b).
-17
Let c(h) = h**3 + 7*h**2 - 68. Let n(i) = -i**3 + 25*i**2 - 66*i + 1002. Let p be n(24). Determine c(p).
-32
Let f(a) = -a**3 - 31*a**2 + 33*a + 21. Let v = 4659 - 4691. Give f(v).
-11
Let b(f) be the second derivative of -f**4/6 + f**3/6 - 42*f. Suppose -3*p = -15*p + 24. What is b(p)?
-6
Let h(s) be the second derivative of -s**5/120 + 7*s**4/24 - 17*s**3/2 - s**2/2 - 2*s - 82. Let r(t) be the second derivative of h(t). What is r(10)?
-3
Let a(k) = 22*k - 111. Suppose 0 = -15*f - 39 + 114. Calculate a(f).
-1
Suppose 14*n - 2*d = 16*n - 26, n - 5*d = 7. Let k(a) = a**2 - 16*a + 42. What is k(n)?
-6
Let w(j) be the third derivative of -j**5/30 + 65*j**4/24 + 88*j**3/3 + 2663*j**2. Determine w(35).
1
Let z(r) = 4*r - 2. Let k be (-2 - -3) + (-3 - (-5 - -13)). Calculate z(k).
-42
Let p(t) = 15*t + 63*t - 77*t. Let a(b) = b**3 + 15*b**2 + 14*b - 2. Let v be a(-14). Let r be ((-4)/8)/(v/16). Give p(r).
4
Let t be (16/6)/(2/6). Let q(z) = 42*z**2 - 62*z - 1818. Let a(v) = 13*v**2 - 19*v - 564. Let b(r) = -29*a(r) + 9*q(r). Determine b(t).
2
Let y = 17 - 10. Suppose y*h - 104 = 3*h. Suppose 0 = m + 2*s, -5*m + 4*s - s = -h. Let k(j) = j - 3. What is k(m)?
1
Let s = -24 + 16. Let n(a) be the third derivative of a**4/24 + 2*a**3/3 - 2186*a**2. What is n(s)?
-4
Let d(f) = 101*f**3 + 17*f**2 - 72*f - 36. Let t(z) = -29*z**3 - 5*z**2 + 24*z + 12. Let i(b) = 2*d(b) + 7*t(b). Give i(-5).
-8
Let n(f) = -35*f - 5. Let y = 3639 - 3641. Determine n(y).
65
Let b(m) = -3*m + 96. Let q = 10526 + -10492. What is b(q)?
-6
Let x(z) be the third derivative of 23*z**5/60 - z**4/3 + z**3/2 + 3245*z**2. Determine x(2).
79
Suppose -3*s - 2 = -8. Let w(b) be the first derivative of -5*b**4/4 + b**2 - 3*b - 3008. Calculate w(s).
-39
Let u(a) = a**3 + 6*a**2 - 7*a + 10. Let z(t) = -9*t + 6. Let y be z(-4). Let g be (-1 + 2)/(78/y + -2). Determine u(g).
10
Suppose 4*b - 4 = 5*b - 2*p, b + 14 = 4*p. Let c(v) = -1 + 4*v - 3 - b*v + 2*v + v. Let t = 5 + 2. Determine c(t).
3
Let i(v) be the first derivative of 2*v**3/3 + 63*v**2/2 + 16*v + 8655. Calculate i(-31).
-15
Suppose -18 = -5*m + 4*v, -3 = m - 2*m + v. Let o(g) = -1 - 10*g**3 + 7*g**3 + m*g**2 - 10*g**3 + g - 5*g**2. Determine o(1).
-12
Let s(m) be the third derivative of m**6/360 + m**5/60 + m**4/24 + 9*m**3 + 4*m**2. Let j(r) be the first derivative of s(r). Determine j(-2).
1
Let m(v) = -v - 2. Let t be m(-5). Let r(b) be the first derivative of 1/3*b**3 + 3*b + 42 - b**2. What is r(t)?
6
Let q be 912/176 - (-6)/(-33). Let a(k) = 4*k - 2 + 4 - 3*k - 3. Determine a(q).
4
Let n(i) be the third derivative of -1/6*i**3 - 190*i**2 + 0 - 5/24*i**4 - 1/60*i**5 + 0*i. Give n(5).
-51
Let h(k) = -12*k + 1. Let f = -17 + 18. Let u be ((-8)/(-9 - 7))/(f/4). Give h(u).
-23
Let z(j) be the second derivative of 2*j**4/3 + j**3/6 - j**2 + 809*j. Calculate z(-2).
28
Let r = 20 + -20. Suppose r = f + 3*f + 8, -4*u = 4*f + 4. Let i be 0 - 24/(u + 3). Let o(p) = -p - 3. Give o(i).
3
Let n(p) = 3*p - 1. Suppose -5*h + 21 = -4. Suppose 3*x = -h*l + 25, -9*x + 4*x = -25. Determine n(l).
5
Let b(h) = -h**3 + 4*h**2 + 11*h - 3. Let a(t) = -4*t - 87. Let p be a(-23). Let j be (-96)/(-15) + (p - (-27)/(-5)). Determine b(j).
-9
Let v(z) = z**3 - 2*z + 2. Let l be v(2). Let s(i) = -7*i + 12242*i**2 - 4080*i**2 - 4080*i**2 - 2 - i**3 - 4075*i**2. Calculate s(l).
-8
Let d(z) = -z**2 - 2*z + 2. Let k(l) = -l**3 + 23*l**2 + 26*l - 58. Let v be k(24). Let j be ((-16)/v)/((-5)/50*4). What is d(j)?
-6
Let m(h) = h**2 + 13*h. Let f be m(-13). Let q(y) = f - 9 - 2*y - y + 5. Determine q(-2).
2
Let i(j) = -j**3 - 74*j**2 + 139*j - 994. Let x be i(-76). Let w(h) = -h**3 - 5*h**2 - 2*h - 43. Give w(x).
5
Suppose -6*l = l - 294. Let w = 44 - l. Let g(r) = -2*r**w - 7*r**3 + 3*r**2 + r**2 - 1 - r**2. Calculate g(-1).
7
Let l(o) = -8*o**2 - 76*o + 4. Let j(f) = -9*f**2 - 95*f + 4. Let g(v) = -6*j(v) + 7*l(v). Determine g(19).
4
Let j(l) be the first derivative of -l - 3/2*l**2 - 4/3*l**3 - 34 - l**4. Calculate j(-2).
21
Let b(y) be the second derivative of -y**5/20 - y**4/6 + 3*y**3/2 - 5*y**2/2 + 3*y - 42. What is b(2)?
-3
Suppose 3*y = 9, 4*o + 4*y = -0*y + 2708. Let k = o - 663. Let b(n) = n - 14. Give b(k).
-3
Let t(a) be the first derivative of -a**4/4 - 9*a**3 - 55*a**2/2 - 126*a + 5924. Determine t(-25).
-1
Let p(z) = z**3 + 5*z**2 + 3*z. Let i = 556 - 565. Let x be 2/(5 + 54/i). Calculate p(x).
6
Let i = 920 - 910. Suppose 0 = -3*n - n + 12. Let f(s) = n*s - 11*s**3 + i*s**3 - 3 + s - 4*s**2. What is f(-5)?
2
Let k be (-2)/18 + (-133)/(-63). Suppose -7*m + 7 = -k*d - 2*m, 0 = 5*d + 5*m. Let q(f) = -4*f**2 + 2*f + 1. Calculate q(d).
-5
Suppose 0 = -2*w + 4*n + 2, 3*w + w - n - 25 = 0. Let r(y) = 8*y**2 - 11*y + 30. Let v(a) = -a**2 + a - 4. Let i(l) = -2*r(l) - 14*v(l). What is i(w)?
-46
Suppose 3*d = 2*d + 5*m + 101, 2*m + 494 = 4*d. Let q = d 